/2. Let k be l/8 + 65/52. What is the units digit of 10/(-5)*(-25)/k?
5
Suppose 2*u - u - 2 = -5*b, 0 = -2*b - u - 1. Let i = b + 68. What is the units digit of i?
9
Let v(b) = b**2 + 7*b - 10. Let s be v(-6). Let p be (-124)/s - (-2)/8. Suppose p*c - 3*c = 60. What is the tens digit of c?
1
Let z(i) = -i**3 - 13*i**2 - 18*i + 13. Let k = -12 + 0. What is the units digit of z(k)?
5
Let r = -41 - -58. What is the tens digit of r?
1
Suppose -2 = -y + 3. Let q = y - 3. What is the tens digit of (15 - 7) + 6/q?
1
Let x(d) be the second derivative of d**5/20 + d**4/6 + d**3/2 + 3*d**2 - 2*d. What is the hundreds digit of x(4)?
1
Let x(u) = 3*u - 8. Let i be x(6). Suppose i = 5*z + 5. What is the units digit of ((-10)/(-25))/(z/5)?
2
Suppose -5*j = 3*f - 1904, 4*f - 6 - 2551 = -3*j. What is the tens digit of f?
4
Let m(z) = -z**3 + 8*z**2 - 5*z - 9. Let q be m(7). Let l(f) = -2 + 0*f**3 - 4*f - 2*f**3 + 5*f**3 - 2*f**3 + q*f**2. What is the units digit of l(-5)?
8
Suppose 5*o + 151 = -2*m + 5*m, -2*m - 3*o + 88 = 0. Let w(c) = 7*c**2 - 6*c + 3. Let d be w(2). Let f = m - d. What is the tens digit of f?
2
Suppose -10*m + 10412 + 10818 = 0. What is the hundreds digit of m?
1
Suppose 5*l - 15*l = -11710. What is the thousands digit of l?
1
Let i be 80 - (0 - (-2 + -1))*1. Let m = i - -20. What is the units digit of m?
7
Let f(d) = 10*d - 8. Suppose -v = -0*v - 7. What is the units digit of f(v)?
2
Let s(o) = 2*o**2 + 10*o + 27. Let w be s(-14). Suppose -w = -3*k + 516. What is the units digit of k?
5
Suppose 0 = -14*n + 19189 + 22013. What is the thousands digit of n?
2
Let c be (12 - 15) + (-47)/(-1). Let l = c + -14. What is the units digit of l?
0
Let g = -2882 + 4258. What is the units digit of g?
6
Let b = -1348 + 2129. What is the tens digit of b?
8
What is the thousands digit of ((-1)/((-5)/11))/(42/20370)?
1
Let o = -38 - -42. Suppose 12 = -h + o*y, 0 = -3*h - 3*y + 8 + 1. Suppose h = 2*g - 5 - 69. What is the units digit of g?
7
Let i be -1 - 3/3*-1. Suppose 2*b - a + 15 = 4*b, -2*b + 5*a + 45 = i. Suppose b + 3 = k. What is the tens digit of k?
1
Suppose -5*r = -4*o + 11, -o + 3*o + 2*r - 10 = 0. Suppose o*p + 0*b - 4*b - 44 = 0, 3*b + 3 = 0. What is the units digit of (-102)/(-4)*p/15?
7
Suppose -3*d - 3*n = -8*n - 591, 985 = 5*d + 2*n. Let a = 413 - d. What is the tens digit of a?
1
Let c = 18 + -29. Let w = 41 + c. What is the units digit of w?
0
Let b(i) = -20*i - 10. Let p(v) = 4*v + 2. Let m(z) = -3*b(z) - 14*p(z). Let h be m(-4). Let r = 14 - h. What is the tens digit of r?
2
Let f(w) = -w**2 + 5*w + 8. Let c be f(7). Let u be (-112)/12*9/c. Suppose t - 7 = u. What is the units digit of t?
1
Let l be -3*5/(-30)*10. Suppose -41 + 1 = l*p. Let h = 17 - p. What is the tens digit of h?
2
What is the tens digit of 5 - (442*-1 - -3)?
4
Suppose -i = -5*p - 32 - 8, -3*p - 3 = 0. What is the units digit of i?
5
What is the tens digit of (-330)/9*126/(-15)?
0
Let a = 1 - 1. Suppose 5*n - 3 - 2 = a. Suppose -n = -f - 0*m + 3*m, 3*f + 5*m = 31. What is the units digit of f?
7
Let q = -12 + 16. Let o(b) = 5*b**2 - 5*b + 17. What is the tens digit of o(q)?
7
Let r = 38 - 36. Suppose 310 = 3*w - 4*m - m, -r*m = 4*w - 370. What is the units digit of w?
5
Let f(i) = i**2 + 8*i + 3. Suppose a - 2*a = 8. Let p be f(a). Suppose -p*n + 6*n - 78 = 0. What is the units digit of n?
6
Let o(x) = -66*x + 163. What is the hundreds digit of o(-11)?
8
Let r(x) = 6*x**2 + 61*x + 2. What is the units digit of r(-19)?
9
Let v = -5 + 13. Suppose -2*k = 2*k + v. What is the units digit of (2 - (-5)/k)*-36?
8
Suppose -4*x - 5 = 5*f, -1 = 3*x - 4*f - 36. Let b = 220 + -218. Suppose 0*o + 5*o - 185 = -x*h, 0 = b*o + h - 72. What is the tens digit of o?
3
Let g(l) = 6*l**2 + 3*l - 3. Let w be g(-3). Let v = w - 8. What is the units digit of v?
4
Suppose 19*k + 41 = 5*q + 16*k, 2*q = -3*k + 8. Suppose -129 + 584 = q*g. What is the tens digit of g?
6
Let w(m) = m**3 + 8*m**2 + 5*m - 3. Let b(s) = s**3 + 12*s**2 + 9*s - 27. Let j be b(-11). What is the units digit of w(j)?
7
Let v(m) = m**3 - 21*m**2 + 4*m + 45. What is the hundreds digit of v(21)?
1
What is the tens digit of (-4)/(-18)*2797 - (-24)/54?
2
Let c(k) = 19*k**2 + 24*k - 7. What is the tens digit of c(-4)?
0
Let m be (-50)/(-18) - 6/(-27). Let w be 5 + -2 + 6/m. Suppose -d + w = -11. What is the units digit of d?
6
Let f be -2*15/4*2. Let b = 18 + f. What is the tens digit of (-285)/b*(-2)/10?
1
Suppose -3*p + 2*b + 2*b = -3080, 0 = -p + 2*b + 1028. What is the hundreds digit of p?
0
Let u(b) = 3*b**2 + 4*b**2 + 0*b**2 + 6 - 4*b - b**3. Let c = 8 + -3. What is the tens digit of u(c)?
3
Let j = 2205 - 1309. What is the units digit of j?
6
Let u = 104 - 178. Let j = u - -249. What is the hundreds digit of j?
1
Let n be (-985)/8 + (-10)/(-80). Let o = -33 - n. What is the tens digit of o?
9
What is the units digit of 6 + 194 - -2 - (-1 - 1)?
4
Let p(i) = -i**3 + i + 29. Let b be p(0). Let u = 59 - b. What is the tens digit of u?
3
Let m = 970 + -314. What is the tens digit of m?
5
Let a(j) = -17*j**3 - 14*j**2 - 14*j - 34. What is the hundreds digit of a(-5)?
8
Let q = -18 + 42. What is the units digit of 157*4/q*6?
7
What is the tens digit of (-34295)/(-9) + -18*4/(-162)?
1
What is the units digit of 1 + 4 + 4*449?
1
Let j(a) = a**2 + 29*a + 117. What is the tens digit of j(-50)?
6
Let c be (-8)/(-5) - (-2)/5. Suppose 8 = 3*j - c*t, 4*j + 5*t - 2*t - 5 = 0. What is the units digit of j?
2
Suppose 0 = -8*f + 21*f - 2548. What is the tens digit of f?
9
Let d = -64 + 97. What is the units digit of d/2 - 2/4?
6
Let w(m) = 13 + 0*m + 7 + m - 5. What is the tens digit of w(-4)?
1
Suppose 4*m - 1308 = -3*c + 1765, 0 = 3*c + 3*m - 3072. What is the hundreds digit of c?
0
Suppose w = -p + 7, -3*w + 1 = -3*p - 8. Suppose -85 = -p*f + 1. What is the units digit of f?
3
Suppose -76 = -5*x + 2*x - p, 3*p - 78 = -3*x. Suppose -5*l - x = 70. Let t = -11 - l. What is the units digit of t?
8
Let m = -69 + 73. Suppose 3*s = -2*f + 87, -3*s + 116 = s + 4*f. Suppose -m*c + 169 = s. What is the units digit of c?
5
Let j(z) = 8*z + 2*z**2 - 5 + 0 + 3. Let c(v) = 8*v + 50. Let l be c(-7). What is the tens digit of j(l)?
2
Suppose 4*u - 924 = 5*w, 5*u - 2 - 1153 = -3*w. What is the units digit of u?
1
Suppose -5*j + 2*f + 122 = -2*f, 0 = 2*j + 2*f - 56. What is the tens digit of 9/3 + 2*j?
5
What is the thousands digit of 10/(8*(-7)/(-9744))?
1
Suppose -99 = 5*u + 21. Let p(z) = z**2 + 2*z - 11. Let j be p(0). Let d = j - u. What is the tens digit of d?
1
Suppose 0 = -3*l + 3290 + 2449. What is the tens digit of l?
1
Suppose 5*o = 3*o + 10. Suppose 27 - 2 = o*i. Suppose 3*p - 5*s - 9 = 76, -s = -i*p + 149. What is the tens digit of p?
3
Suppose 129 + 56 = -5*n. Let r = -55 - n. What is the tens digit of -1 + 3 + (-9 - r)?
1
Suppose 5*f - s = s + 27, -23 = -4*f + 3*s. Let k(x) = x**2 - 6*x + 1. Let m be k(f). What is the units digit of (-92)/m + 1 + -1?
3
Suppose 7*n = -3*p + 2*n, p = n + 8. Suppose -3*k + 3*g - 9 = 84, 0 = -k - p*g - 49. Let q = -17 - k. What is the units digit of q?
7
Suppose 3*m = a - m - 164, 6 = 3*m. What is the hundreds digit of a?
1
Let g = 3981 + -1026. What is the units digit of g?
5
Let s(d) = 9*d - 54. Suppose 10*t - 12*t = -5*f + 49, -3*t - 33 = -3*f. What is the units digit of s(f)?
7
Let h(n) be the first derivative of -n**2/2 + 48*n + 7. What is the tens digit of h(0)?
4
Let f be 3/(9/11)*3. Suppose f*z = 8*z + 459. What is the units digit of z?
3
Let h be (-1580)/(-18) - 4/(-18). Let y = h - 22. What is the units digit of y?
6
Suppose -5*v + 7 = 4*i, i + 19 = 5*v - i. Suppose 0*f - f = -v. Suppose -8*p = -f*p - 160. What is the tens digit of p?
3
Suppose 11 = -0*h - 2*h + u, 15 = -5*u. Let p be 9/2*(-4)/6. What is the tens digit of p/(-1 - h/8)?
2
Suppose 2*w + 3*a - 18 = 0, -3*w - 2*w = 5*a - 35. Suppose 4*y = w*y. Suppose v + 4*k - 18 = -y*v, -2*k - 48 = -v. What is the tens digit of v?
3
Suppose -2*k = -8*k + 60. Suppose 14*t - 432 = k*t. What is the units digit of t?
8
Suppose -1856 = -5*i + 2*x - 672, 0 = -3*x + 9. Suppose 4*o - 56 = 4*n - 5*n, 2*o = -4*n + i. What is the units digit of n?
0
Suppose -30 = 4*c + 2*r, 5*c = 4*r - 0*r - 18. Let j(t) = 4*t**2 + 9*t - 3. What is the units digit of j(c)?